r**2 + 9*r - 26. What are the prime factors of h(10)?
2, 41
Suppose n + 50 = 11*n. Suppose 1200 = n*d + 5*b, 727 = -0*d + 3*d - 4*b. List the prime factors of d.
241
Suppose -2*v + 12 = -0*v. Suppose -3*z = -p - 12, 2*z = p + 1 + v. Suppose 0*a = 3*a, p*a + 15 = r. List the prime factors of r.
3, 5
Let m = 89 + -85. Suppose m*u + 92 = 2*z, -4*z = -4*u - 253 + 73. List the prime factors of z.
2, 11
Suppose -3*w = 2*w + 5*h - 270, -3*w + 162 = 4*h. Let n = -71 + 40. Let t = n + w. What are the prime factors of t?
23
Let g(j) = 337*j**3 + 2*j**2 - 2. Let q be g(1). Suppose q = 3*o + 4. List the prime factors of o.
3, 37
Let a = -1237 + 1896. List the prime factors of a.
659
Let y be -1*(-1)/2*(2 - -30). Suppose -62 + y = -r. List the prime factors of r.
2, 23
Let v be 1/(-2)*-18 - (20 - 15). Let o be ((-8)/(-10))/(4/10). Suppose o*h - 96 = -v*h. List the prime factors of h.
2
Suppose b + 5*s = -10 - 14, 0 = -4*b - s - 1. Suppose 2*r = 2*f - 130, -2*r - 7 + b = 0. List the prime factors of f.
2, 31
What are the prime factors of (-13)/(130/(-7260)) + -6?
2, 3, 5
Let o(f) = 42*f - 119. What are the prime factors of o(7)?
5, 7
Let r = -18 + 22. Let d be 4*(r + -3) - 0. Suppose -3*a + 4*f - 3*f + 138 = 0, 0 = d*a + 3*f - 184. What are the prime factors of a?
2, 23
Suppose 8 = -2*s + 6*s. Let k(u) = u**s - u - 3 + 0*u**2 + 15. List the prime factors of k(0).
2, 3
Let w(m) = 7*m**2 - m - 2*m**2 - m**3 - 284 + 280. Let c be w(3). Suppose 9 = g - c. List the prime factors of g.
2, 5
Let x(f) = f**3 + 15*f**2 + 16*f + 12. Let h be x(-11). Suppose 5*d + 6*a - 484 = 2*a, -5*a - h = -3*d. What are the prime factors of d?
2, 5
Let b(c) = -c**2 + c. Let z(m) = -3*m**2 + 5*m - 6. Suppose -5*t + 10*t - 10 = 0. Let h(k) = t*b(k) - z(k). What are the prime factors of h(5)?
2
Let c = 9 - 7. Suppose p - 27 = -5*y, 0 = c*p + y - 9. Suppose 0 = 2*h - h + p*d - 30, 0 = -5*d + 15. List the prime factors of h.
2, 3
Let k = 72 - 197. Let x = 224 + k. List the prime factors of x.
3, 11
Suppose -92 = -4*r - 0*r. Let y be r*(0/(-1) + 4). Let n = -64 + y. List the prime factors of n.
2, 7
Let t(q) = -66*q - 249. What are the prime factors of t(-6)?
3, 7
Let s = 35 - -29. Let o = 129 - s. Suppose -2*y + d = -o, -y = -2*y - d + 40. List the prime factors of y.
5, 7
Let j = 41 - 36. Suppose j*a = w + 2*w + 407, -5*a - 2*w = -412. List the prime factors of a.
2, 41
Suppose 3*q + r = 76, 4*q + 29 = 3*r + 113. What are the prime factors of 105/2*q/14?
2, 3, 5
Suppose 3*o = -f + 404, -5*o + 250 + 405 = -2*f. What are the prime factors of o?
7, 19
Suppose f = 3*f + 8. What are the prime factors of (70/f)/(5/(-10))?
5, 7
Suppose 0 = -k - 4 + 9. Suppose -k*y + 9*y = -8. List the prime factors of 164/y*2/(-4).
41
Let j be (-2076)/(-14) + (-8)/84*3. Let p = j + -5. What are the prime factors of p?
11, 13
Suppose -2*m = -m - 335. List the prime factors of m.
5, 67
Let y(c) = -c**2 - 29*c + 15. Suppose 6*i = -0*i - 156. List the prime factors of y(i).
3, 31
Let y = 5 - 13. Let m be -1 + (9/3 - y). What are the prime factors of 19*5*m/25?
2, 19
Suppose 0 = 3*o - 3*f - 2 - 67, -2*f = 5*o - 108. Let c = o + 46. What are the prime factors of c?
2, 17
Let p = 29 + -25. Suppose -p*w + 27 + 61 = 0. Suppose 2*a - 18 = 2*i + w, 10 = -2*i. List the prime factors of a.
3, 5
Let z(w) be the third derivative of -7/6*w**3 + 2*w**2 + 0 + 0*w + 7/24*w**4. What are the prime factors of z(5)?
2, 7
Let d be (3 - 2)*(1 + -6). Let x be (d - -6)/(2/4). List the prime factors of x/(-5) + 36/15.
2
Let x(s) be the third derivative of s**5/15 - s**4/8 + 2*s**3/3 - 12*s**2. What are the prime factors of x(-3)?
7
Let n be 20/(-4 + -1)*-3. List the prime factors of ((-52)/n)/(34/(-33) + 1).
11, 13
Let r be 0 - 13 - (6 - 7). Let w = 12 + r. Let k = w - -12. What are the prime factors of k?
2, 3
Suppose -13*g - 28*g = -45469. What are the prime factors of g?
1109
Let k(q) = -q**3 - 4*q**2 - 8*q - 7. Let i be k(-3). Suppose i*l = 1183 - 135. List the prime factors of l.
131
Let j = -50 + 55. Suppose j*z + o - 569 = -3*o, 2*z = o + 225. List the prime factors of z.
113
Let m(o) = -o**2 + o + 8. Let y be m(0). Suppose -462 = -y*t + 346. What are the prime factors of t?
101
Suppose m - 4*h + 11 = -2*h, -22 = 2*m + 4*h. Let l = -9 - m. Suppose -2*n + 4*d - 16 = 0, 29 + 0 = l*n + 5*d. List the prime factors of n.
2
Suppose -4*z + 791 = -29. Suppose 5*h - 110 = z. What are the prime factors of h?
3, 7
Suppose w + w - 5*p - 140 = 0, 4*w - 256 = -2*p. Let i = -36 + w. What are the prime factors of i?
29
Let r(k) = -3*k**2 + 4*k - 2. Let z be r(2). List the prime factors of (224/12)/((-2)/z).
2, 7
Suppose 5 + 1 = -3*d. Let x = d - -4. Suppose 0 = 4*f - 3*s - 124, 5*f + x*s = f + 104. List the prime factors of f.
2, 7
List the prime factors of 43600/350 - (0 + 3/(-7)).
5
Suppose -9*x = -34 - 2. Suppose -c = -x*i - 138, -i = c - 159 - 4. List the prime factors of c.
2, 79
Let h(n) = -n**3 - 5*n**2 + 5*n - 1. Let i be h(-6). Suppose 2*f - 12 = i*z, 3 = -2*f - 3*z - 1. What are the prime factors of (-1)/((1/(-16))/f)?
2
Let b(y) = 25*y + 159. What are the prime factors of b(20)?
659
Let w(z) = 3*z**3 - 5*z**2 - 9*z + 9. Let j be w(6). Suppose 0 = -x + 4*x - j. List the prime factors of x.
3, 47
Let c be 2/(-12)*0 - (-4 + 1). What are the prime factors of c - -18 - (-3 - -1)?
23
Suppose 67*w = 48*w + 70072. What are the prime factors of w?
2, 461
Let n(k) = -k**2 + 6*k - 6. Let u be n(8). Let g = u - -32. What are the prime factors of g?
2, 5
Let q(v) = 47*v**2 + 1. Let d be q(-1). Suppose -6*x - 12 = -d. What are the prime factors of x?
2, 3
Suppose -53*r - 1456 = -55*r. List the prime factors of r.
2, 7, 13
Let o(l) be the third derivative of l**5/30 + l**3/3 + 6*l**2. Let u be o(5). Let d = u + -25. List the prime factors of d.
3
Let w = -5844 + 8410. List the prime factors of w.
2, 1283
List the prime factors of 0 + -5 + (-15 - -30)*230.
5, 13, 53
Suppose -18 = l - 5*u - 0, -4*u - 15 = -5*l. Let a(y) = -y**2 - 21. Let z be a(l). Let w = z + 141. What are the prime factors of w?
71
Suppose -26*o = -23*o - 354. List the prime factors of o.
2, 59
Let a(q) be the first derivative of -6*q + 3/2*q**2 + 3. What are the prime factors of a(8)?
2, 3
Let j = -1 - -6. Suppose h = j*h - 60. Suppose 0 = q - h - 21. What are the prime factors of q?
2, 3
Let c be 0 - (23/(-3))/(1/54). Suppose 5*y = 2*y + c. List the prime factors of y.
2, 3, 23
Let t(y) = -2*y - 11. Let x = 10 - 19. Let d be t(x). Let s(i) = 2*i - 5. What are the prime factors of s(d)?
3
Let h = -957 - -1642. List the prime factors of h.
5, 137
Suppose -4*p + 83 - 23 = 0. Suppose 6*q + 4*h - 383 = 3*q, 3*h = p. List the prime factors of q.
11
Let b be (-33)/(-9)*-4 + 1/(-3). What are the prime factors of b/90 - (-877)/6?
2, 73
Let w(h) = 4*h + 2. Let p be w(7). Suppose l = -3*g + 2*l - 53, 2*l + p = -2*g. Let c = 4 - g. What are the prime factors of c?
3, 7
Let r(z) = -4*z - 20. Let v be r(-10). List the prime factors of (-8)/(-20) + 2092/v.
3, 5, 7
Suppose 0 = 4*a + 57 - 49. Let m(z) = 23*z**2 + z + 6. What are the prime factors of m(a)?
2, 3
Let k(r) = -r**3 + 18*r**2 + 6*r - 10. Let w = -6 - -24. List the prime factors of k(w).
2, 7
Let d(c) = -c**3 - 6*c**2 + 3*c. Let j be d(-6). Let r = j - -18. Suppose 0*s + 2*s + 5*l - 100 = r, -3*s + 112 = -2*l. What are the prime factors of s?
2, 5
Let j be (15/(-5))/(3/(-135)). Let y = j - 78. What are the prime factors of y?
3, 19
Let y(j) be the second derivative of j**3/3 + 10*j**2 + 4*j. What are the prime factors of y(-6)?
2
Suppose 2*s - 3*x - 11510 = 0, 23020 = 8*s - 4*s - 4*x. What are the prime factors of s?
5, 1151
Let z = 1009 + -574. List the prime factors of z.
3, 5, 29
Let r = -3 - 0. Let c be (2/r)/((-2)/15). Suppose 21 = 4*t - d, c*d = 5*t - 2*t - 37. What are the prime factors of t?
2
Let j = 87 - -51. List the prime factors of j.
2, 3, 23
Let f(c) = c + 6. Let t be f(-3). Suppose 8*m = t*m - 60. Let r = m + 20. List the prime factors of r.
2
Let p(s) = 254*s**2 + 7*s - 4. List the prime factors of p(2).
2, 3, 19
Let o(w) = -17*w + 52. List the prime factors of o(-9).
5, 41
Let v = 35 + -33. Let g(w) = 4*w**3 + 3*w - 3. Let m be g(v). What are the prime factors of m/1 + 5 + -2?
2, 19
Let b(m) = -m**3 - 12*m**2 + 8*m